4. What is the tens digit of p(i)?
2
What is the tens digit of 10408/18 + (-18)/81?
7
Let k(y) = y**2. Let u(l) = 18*l**2. Let a(z) = 2*k(z) + u(z). Let v(j) = -3*j - 16. Let q be v(-5). What is the tens digit of a(q)?
2
Let k(y) be the second derivative of y**4/12 + 7*y**3/3 + 35*y**2/2 - 23*y. What is the tens digit of k(-12)?
1
What is the units digit of (-16)/(-7 + 5)*30?
0
Let c(v) be the first derivative of -v**4/4 - 2*v**3 + v**2 - 9*v - 11. Let j be -2 + -6 - (-1)/1. What is the tens digit of c(j)?
2
Let u(y) = 14*y**2 - 9*y + 43. What is the tens digit of u(4)?
3
Let t be (8 - 5) + 7/(21/306). What is the tens digit of (2982/t)/(2/5)?
7
Let k(j) = j**3 + 30*j**2 + 90*j + 21. What is the units digit of k(-23)?
4
Let j = 228 + 7. Let y = j + -153. Suppose 0 = -q + 3*q - y. What is the tens digit of q?
4
Suppose -o + 2 = -1. Suppose 2*i = -o*i. What is the units digit of ((-11)/3 + i)*-3?
1
Let u(s) = -13*s**2 - 3*s + 3. Let j(k) = 12*k**2 + 2*k - 3. Let n(p) = 3*j(p) + 2*u(p). What is the units digit of n(-3)?
7
Suppose 415 = -8*n + 47. Let a = n - -139. What is the units digit of a?
3
Let n be 40/25*5/2. Let b(v) = 127 + 23*v**2 - n*v**2 - 127. What is the units digit of b(1)?
9
Let h(p) = -5*p**3 + p + 2*p**2 + 1 - 5*p**2 - 2*p**2 + 6*p**3. What is the units digit of h(6)?
3
Let c be (-4)/(-14) - 38/(-14). Let v be 0 - (c - 2/(-1)). What is the units digit of (2/4)/(v/(-230))?
3
Suppose 2*k + 3*d - 1275 = 0, 0 = 2*k + 2*d - 670 - 602. What is the tens digit of k?
3
Suppose -g - 2*r = 7, 5*g - 25 = 3*r + 5. Suppose -g*q = -i + 23 + 39, -44 = -i - 3*q. What is the units digit of i?
3
Let s = 2788 + -1574. What is the units digit of s?
4
Suppose 0 = 4*d - k + 4, d - 2*k + 8 = 2*d. Suppose -3*g - 4*o = 264, 5*o - 3 + 18 = d. Let u = 124 + g. What is the units digit of u?
0
Suppose 16*h - 2445 = 1411. Let d = h - -70. What is the tens digit of d?
1
Let g = 68 + -77. Let d = 29 - g. What is the units digit of d?
8
Let s(g) = g**2 - 18*g + 4. Let b be s(19). What is the units digit of b + (-1 - (4 - 1))?
9
Suppose 0 = -6*x + 9720 + 13614. What is the tens digit of x?
8
Suppose 12 = 2*n + 2*c, -2*n + 0 + 9 = c. Suppose -4*s + n = -5. Suppose 3*m + s*j - 86 = 0, 2*m + 2*j = 5*j + 40. What is the units digit of m?
6
Suppose -689 = -6*x + 223. What is the units digit of x?
2
Let a(n) = -n**2 + 6*n. Let i be a(6). Suppose -99 = -i*o - o. What is the tens digit of o?
9
Let h(b) = 21*b - 11. Let r be h(-8). Let i = r - -417. What is the units digit of i?
8
Suppose 364 = o + 3*t, 0 = -o + 6*t - 10*t + 361. What is the units digit of o?
3
Let z = 8 - 12. Let x = z - -14. What is the units digit of 1*19 - (x + -11)?
0
Let z(j) = 8*j**2 + 11*j - 7. What is the hundreds digit of z(8)?
5
Let j(t) = 5*t**2 + 21*t + 155. What is the tens digit of j(-6)?
0
Let y(q) = -q + 1. Let g be y(-1). Suppose 3*u - 81 = 3*s, 2*s + g*s + 12 = u. Suppose 2*a = 4*a + 4*r - 14, -u = -3*a + 5*r. What is the units digit of a?
9
Suppose -26*z + 42*z - 3696 = 0. What is the units digit of z?
1
Let u(t) = -15*t - 24. Let j = 40 + -48. What is the tens digit of u(j)?
9
What is the hundreds digit of ((-112)/196)/((-2)/406)?
1
Suppose -4*j + 22 = 138. Let f = j - -181. What is the units digit of f?
2
Let c(w) = 622*w**2 + 13*w - 13. What is the units digit of c(1)?
2
Let n = -137 + 636. What is the hundreds digit of n?
4
Suppose 3*q + 138 = -0*q. Let w = 2 - q. Suppose l - w = -2*l. What is the units digit of l?
6
Let k = -236 - -576. Suppose -3*o - 261 = -n - 3*n, 5*n - k = o. What is the units digit of n?
9
Suppose -3*o + 112 - 451 = 0. Let c = o + 196. What is the tens digit of c?
8
What is the hundreds digit of 95/2*(-36)/(-5)?
3
Let j(u) = -u - 4. Let d be j(-4). Let y(o) = -o**2 + 4. Let x be y(d). Suppose 0 = -x*h + p + 122, -3*h - 6*p = -2*p - 101. What is the tens digit of h?
3
Suppose -d = 7*d - 16. Let q = 188 - d. What is the units digit of q?
6
Let b(c) = -c**3 - 25*c**2 + 31*c + 12. What is the thousands digit of b(-28)?
1
Suppose 2*t - 24 = 4*c, -c = 3*c - 8. Suppose -g = -3*g + t. What is the units digit of g?
8
Suppose -2*y - 13 = -5*t - 4, 6 = -2*t + 4*y. Suppose -59 = -t*p + 2*p. What is the tens digit of p?
5
Suppose -6*w = -13*w + 938. Suppose -w*y = -135*y + 101. What is the tens digit of y?
0
Suppose 46*y = -9828 + 125518. What is the thousands digit of y?
2
Suppose -4 - 8 = -n + 2*t, -5*t - 29 = -2*n. What is the tens digit of n*1/5 - (-7730)/50?
5
Suppose -6379 = -15*b + 48581. What is the tens digit of b?
6
Suppose h + 4*h = 3*p + 12, -3*h = 4*p - 13. What is the tens digit of 2 - (p + -1) - -43?
4
Suppose 6 + 58 = -2*i. Let y = i - -34. Suppose -140 = -3*h - k + 2*k, y*h - 88 = -2*k. What is the units digit of h?
6
Suppose -2*k + 12458 = 2*c, 0 = 3*k - 2*c - 2*c - 18687. What is the units digit of k?
9
Let g(x) = 2*x**2 + 49*x + 92. What is the hundreds digit of g(-25)?
1
Suppose 0 = -x - 2*x. Suppose 3*h = x, -2*i - 5*h + 10 - 34 = 0. What is the tens digit of i/72 + (-470)/(-12)?
3
Suppose 0 = -k + 5*k - 20, -5*n - 4*k + 10220 = 0. What is the thousands digit of n?
2
Suppose -2*f - 4807 = 4*l - 20011, 0 = -4*l - f + 15204. What is the units digit of (2/(-6))/((-7)/l)?
1
Suppose 406*x = 424*x - 83196. What is the units digit of x?
2
Let p = 147 + 64. Let n = 304 - p. What is the units digit of n?
3
Let x = 1212 + 930. What is the hundreds digit of x?
1
Let s(o) be the third derivative of -1/3*o**3 + 1/12*o**5 - o**2 + 1/6*o**4 + 0 + 0*o - 1/120*o**6. What is the tens digit of s(5)?
1
Suppose 5*v - 585 = 5*d, -101 = -v + 7*d - 2*d. What is the units digit of v?
1
Suppose 0 = q + 2*c + 5, 5*q + 4*c + c = -20. Let t(r) = r**3 + 2*r**2 - 4*r + 1. Let l be t(q). Suppose -l*x + 9*x = 140. What is the units digit of x?
8
Let x(t) be the first derivative of -63*t**2 - 20*t - 15. What is the tens digit of x(-2)?
3
Suppose 1188 = 19*x - x. What is the units digit of x?
6
Let r = 174 + 653. What is the tens digit of r?
2
Suppose 0*t - 4*t + 8 = 2*x, -3*t = -3*x + 12. Suppose 3*n = -t + 3. What is the units digit of (4 - 2) + n - -1?
4
Let r be (-9)/(-2)*(-64)/(-24). Let z = 173 - r. What is the units digit of z?
1
Let h = -1708 - -2466. What is the tens digit of h?
5
Let o be (1 + 0)/(20/100). Suppose -4*s = -h + 131, -o*h + 580 = -h - 2*s. Suppose -2*j + h = 3*g, -3*j - 63 = -3*g + 69. What is the units digit of g?
7
Let t be ((-34)/8*1)/(2/8). Suppose 2*q + 3*w - 38 = 0, 3*q - 99 = 5*w - 23. Let p = t + q. What is the units digit of p?
5
Let w(m) = -m - 1. Let z be w(-3). Suppose z*g + 494 = 4*t, 2*t + 484 = 6*t - 4*g. What is the hundreds digit of t?
1
What is the tens digit of (-3*74/3)/(-2)?
3
Suppose 0 = c + 5*l - 478, 0 = -2*c + 4*l + 148 + 878. What is the hundreds digit of c?
5
What is the hundreds digit of (7 + 361/38)*292/3?
6
Let w(i) = -16*i + 80. What is the tens digit of w(-34)?
2
Suppose 3*d = -7*x + 4*x + 165, -259 = -5*x + 3*d. Let f = x + 71. What is the units digit of f?
4
Let g be (2 - 4/(-4)) + -1. Suppose -2*i - 48 = -2*v + i, -3*v - i = -94. Suppose v = -0*u + g*u. What is the tens digit of u?
1
Suppose 0 = -h - 3*h + 3*j - 35, 5*j = -2*h - 11. Let r = 15 + h. Suppose r*s = 11*s - 96. What is the units digit of s?
4
Let w = 4126 + -2457. What is the units digit of w?
9
Let a = 18 + -6. Let g = 55 - 62. Let j = a + g. What is the units digit of j?
5
Suppose 5*n + 35 = 4*i, 0 = n - 2*i - 2*i + 23. What is the tens digit of 161 - (1 + 2 + n)/1?
6
What is the hundreds digit of (-9)/(-12) + 91250/40 - 3?
2
Suppose -45 = -7*q - 3. What is the units digit of ((-836)/(-66))/(4/q)?
9
Let s = 21 - 19. Suppose s + 13 = -5*a. What is the units digit of a + (-9)/(-3) + 5?
5
Let y(j) = -j**2 + 5*j + 10. Let v be y(11). What is the tens digit of 531/21 + 16/v?
2
Let n = -35 + 38. Suppose -2*f + 5 = 1. Suppose n*p = 56 - f. What is the units digit of p?
8
Suppose 3*u = -0*u + 1140. Suppose 5*n - 10*n - u = 0. Let b = -54 - n. What is the tens digit of b?
2
Let a be (0 - 2)/(8/28). Let h(j) = j**3 + 8*j**2 - 6*j + 10. What is the tens digit of h(a)?
0
Let l be -4*(-4)/((-16)/(-29)). Suppose -l = -p - 0*p + 2*f, 0 = -4*p + 3*f + 106. What is the tens digit of p?
2
Let u(z) = -78*z - 76. What is the units digit of u(-10)?
4
Let y = -653 + 1979. What is 